Let a be m(-2). Let s(b) = 969*b - 10. Is s(a) a composite number?
False
Suppose -36*w = -27*w + 34524. Let y = w + 9562. Suppose -14*k = -7*k - y. Is k a composite number?
True
Let s(o) = -59*o**3 + 11*o**2 - 7*o - 14. Let k = -294 - -289. Is s(k) a prime number?
False
Is 123/205 - 637401/(-15) a composite number?
True
Let d be (-5)/(-20) + 14/8. Let r(l) = 10*l + 85 + 66 - 184 + 24*l**d. Is r(8) a prime number?
True
Suppose 9*b = 7*b + 56. Let p = -21 + 168. Let x = p - b. Is x a composite number?
True
Let c be 572/(-156) - (-2)/(-6). Is c/6 + 429111/81 a prime number?
True
Let n(s) = -s + 1117. Let a(z) = -10*z + 15. Let x be a(6). Let i = x - -45. Is n(i) prime?
True
Let p be 11497/6 + (-1)/6. Suppose t + 6 = -0*t. Is (p/t)/2*12/(-4) a composite number?
False
Suppose -10*y = -16329 - 3741. Suppose -5*x - y = -712. Let h = x + 2066. Is h a prime number?
False
Suppose -25628200 = -182*p + 62*p - 3494080. Is p prime?
False
Suppose -9*d + 127 + 44 = 0. Suppose -d*m = -36*m + 36533. Is m a prime number?
False
Suppose -21*l - 14*l + 10065481 = 1155251. Is l a composite number?
True
Let x(k) = -6242*k - 3483. Is x(-25) composite?
False
Let n(z) be the first derivative of 2*z**3/3 + 14*z**2 + 41*z + 36. Is n(28) composite?
False
Let p be (-2 + (-29)/(-3))/((-2)/(-6)). Suppose p*z - 14*z = 2385. Let d = 624 - z. Is d prime?
True
Let p = -7690 + 14946. Let o = p - 4887. Is o composite?
True
Let s = 61 - 59. Suppose -q - c + 2470 = -1641, s*c - 12333 = -3*q. Is q a prime number?
True
Suppose 0 = 12*c - 4*c - 32. Let r(y) = y**3 - 3*y**2 - 3*y - 8. Let a be r(c). Is (594/a + 7/(-14))*-7 a prime number?
False
Suppose 22*k = 10*k + 96. Is ((-40220)/(-12) + k)/((-2)/(-6)) prime?
True
Let o be -1 - (8 + -2 + 0). Let c(g) = -2*g**3 + 26*g**2 + 6*g - 71. Let r be c(13). Is (r/o)/(1/(1*-337)) a prime number?
True
Let a(k) = -k - 1. Let r(z) = -63*z - 8. Let h(g) = -g. Let l(b) = 2*h(b) - r(b). Let d(s) = -5*a(s) - l(s). Is d(-10) composite?
False
Suppose 2*w + 41687 = p, w - 2*p + 41692 = -w. Let l = w - -33790. Is l composite?
True
Let l(w) be the third derivative of w**6/120 - w**5/3 + 13*w**4/12 - 2*w**3 + 2*w**2 - 25. Let p(k) = k**2 - k + 19. Let t be p(0). Is l(t) a prime number?
False
Let p(l) = 726*l**2 - 27*l - 109. Is p(24) a composite number?
False
Let n(o) = -293*o - 108. Let a be (-35)/(-14)*11/(55/(-50)). Is n(a) composite?
True
Suppose -4*w + 2*v + 16 = 0, 4*w - 17 = -v + 11. Is 21487/w - ((-20)/(-24))/5 a composite number?
False
Let w(n) be the third derivative of -n**6/60 - 7*n**5/30 + 3*n**4/4 + 56*n**3/3 - 3*n**2 - 4. Is w(-15) a composite number?
True
Let n be ((-12)/(-10))/((12/15)/2). Suppose -3*v = -8*v + n*o - 25, 4*v - 2*o + 20 = 0. Let t(f) = -602*f + 1. Is t(v) composite?
False
Let h = 193 + -197. Is h - 1 - 9930/(-5) a composite number?
True
Suppose 3*d - 746239 = -5*o, 5*d - 548331 = -4*o + 695392. Is d a prime number?
False
Let u = -46 + -578. Suppose -4172 = -4*y - 0*y. Let b = y + u. Is b a prime number?
True
Let g(m) = m**3 + 16*m**2 + 32*m + 19. Let y be g(-14). Let x = y + 44. Suppose 4*w - 5*d = x*w - 1412, -w + 465 = -4*d. Is w composite?
True
Suppose 0 = -h + 16381 - 486. Let b = h - 6450. Is b composite?
True
Let k(a) = 330*a - 10. Let i be k(20). Let p = i + 9. Is p a prime number?
True
Let q(j) = -2241378*j**3 + 9*j**2 - 2*j. Is q(-1) composite?
False
Let w(g) = -254*g**3 + 6*g**2 + 2*g + 1. Let j(l) = -l**3 - l**2 + 2*l - 2. Let q(n) = -4*j(n) - w(n). Is q(4) composite?
False
Suppose -w = -2*l - 2*w - 192, 4*l + 4*w + 380 = 0. Let t = l + 216. Is t a prime number?
False
Let w be 66/(-176) - 19/(-8). Let q be (10 - (w - -2)/(-4))*1. Is q/(-22) - 1347/(-2) composite?
False
Is 183633/6*(-18)/(-9) prime?
True
Let x(y) = y**3 - 15*y**2 + 13*y + 17. Let s be x(14). Suppose -r - 6 = -3*r, s*b = 3*r + 10920. Is b prime?
True
Let b(u) = 2*u - 18. Let j be b(9). Suppose 0*p - 3*p + 11541 = j. Is p a composite number?
False
Let w = 413472 + -272651. Is w a composite number?
True
Let n(x) = 30*x + 127. Let z be (-8 - (-168)/20)/(1/65). Is n(z) composite?
False
Suppose 111*t - 108*t - 7587 = 0. Let g = -1616 + t. Is g prime?
False
Let x(z) = -z**3 + 40*z**2 - 276*z + 30. Is x(14) a composite number?
True
Let b be 41 - (-6 + 7 + 3). Suppose b*n - 42*n = -30835. Is n a composite number?
True
Suppose 5*c = -l + 273602, -c + 3*l = 9*l - 54703. Is c a composite number?
False
Let h(u) = 3*u - 3. Let y be h(5). Let v(n) be the first derivative of n**3/3 + 7*n**2/2 - 50*n + 1269. Is v(y) a prime number?
False
Suppose 12912*w + 11254872 = 12936*w. Is w a composite number?
False
Let i = 49191 - 18178. Is i a prime number?
True
Let g(s) = -1262*s**3 + 14*s**2 + 4*s - 33. Is g(-5) composite?
False
Let c = 125582 + -80692. Let h = c + -30699. Is h composite?
True
Let r = -59 - -269. Let o be 2/(3/(-4) + r/216). Suppose -3*w = 4*j + j - 546, o = -3*w. Is j a composite number?
True
Let x be (-16238)/4 - (-2 - 15/(-6)). Let o = x + 8067. Is o prime?
True
Let h be 3/(105/(-14)) - (-324)/10. Suppose 13*m = h*m - 128801. Is m composite?
False
Suppose 10*m = 4*y + 6*m - 25268, 4*y - 25240 = -3*m. Is y composite?
True
Let f = 511796 + -363003. Is f a composite number?
False
Let x(f) = f**2 - 3*f. Let r be x(3). Let z = 70 - 65. Suppose -z*d + 1304 + 476 = 5*p, -p - 4*d + 350 = r. Is p a composite number?
True
Suppose -140*j + 6332101 - 882041 = 0. Is j a prime number?
False
Let r(v) = -v**2 - 13*v - 44. Let o be r(-8). Is o/(-6) + 11947/39 prime?
True
Let x = 1060 - -246. Suppose x = 6*r - 6860. Is r a prime number?
True
Suppose 0 = 4*o - 4*a - 7300, 4*a = -3*o - 2*o + 9098. Let y = o + -442. Suppose -355 + y = 5*m. Is m a prime number?
False
Suppose -5*n + a + 172230 = -285400, 4*a = -3*n + 274601. Is n composite?
True
Let u = 1146904 - 584885. Is u prime?
True
Suppose 79*j - 86*j + 28 = 0. Is (-1 - (-2075)/j)/((-72)/(-288)) a composite number?
True
Suppose 0 = 7*m - 86*m + 37890520 + 24477847. Is m composite?
False
Let r be 11126/12 - 1/6. Suppose r = 4*j - 2673. Let t = 1291 - j. Is t prime?
False
Suppose 8*h = -16 - 8. Let j be (-7628)/h*21/14. Is (j/(-10))/((-174)/(-30) + -6) a composite number?
False
Suppose -3*r - w - 9 = -0*r, 0 = -5*r - 4*w - 8. Is 982*(8/(-2))/r composite?
True
Suppose 21 = 2*s - t - 14, -2*t + 25 = s. Suppose 4*b + 20 = 2*h, 2*h = 3*h - 5*b - s. Let c(k) = 39*k**2 - k + 11. Is c(h) composite?
False
Suppose -3*h + 4*m = -8, 1 - 15 = -3*h - 2*m. Let s(x) = -x**3 + 0*x**3 - 2*x + 481 + h*x + 2*x**2. Is s(0) prime?
False
Let k(i) = -158*i + 6. Let v be k(-4). Suppose -4*p - v - 566 = 0. Let x = 818 + p. Is x a prime number?
False
Let w be (-3)/(-1 - (-4 + 6)) + 4. Let m = 225 + 46. Suppose -w*r + 6*r - 107 = 2*q, 0 = -3*r - 4*q + m. Is r composite?
False
Is -1*(10/15)/((-8)/1370652) a prime number?
True
Let r = 762 - -2329. Suppose 4*o = -b + 7898 + r, 3*b - 10999 = -4*o. Suppose u = -4*w + 1166 + 177, -2*u + 4*w = -o. Is u prime?
False
Let t = 81009 - 46126. Is t a prime number?
True
Suppose -6*w = 9478 + 4850. Let x be ((-2)/(-4))/(2/w). Let m = 122 - x. Is m composite?
False
Let m(i) = 581*i - 137. Let t be m(11). Suppose t = x - 5403. Is x prime?
True
Suppose -2*j = -4*s + 291950, 0 = -4*s - 4*j + 239666 + 52326. Is s composite?
True
Let l(f) be the second derivative of 157*f**4/3 + 2*f**3/3 - 11*f**2/2 - 2*f + 26. Is l(2) a prime number?
False
Suppose 3*b - 1468069 = -5*i - 7146, -4*b = -5*i + 1460881. Is i a prime number?
True
Let s(n) = 625*n - 931. Is s(6) a prime number?
True
Let a = -246 + 275. Let i(q) = -q**2 + 60*q - 6. Is i(a) prime?
False
Suppose 1455979 = -4197*m + 4204*m. Is m a composite number?
False
Let t(l) = 130*l + 8 + 9 + 1 - 12. Let h be t(-4). Let f = h - -807. Is f composite?
False
Let i(c) = -c**3 - 2*c**2 - 3*c + 3. Let m be i(-3). Let k be 4/6*(-24 + m). Is ((-2)/(-5))/(822/410 + k) composite?
True
Let u be -6 - -4 - 18/(-3). Suppose -y + u = y. Suppose y*j - 1891 = -3*h, 3*h - 2*j - 2163 + 268 = 0. Is h prime?
True
Suppose 24 + 8 = 3*i - 5*p, -2*i - 4*p - 8 = 0. Suppose -357 + 77 = -i*m. Let a = -44 + m. Is a prime?
False
Let s(x) = x**3 + 4*x**2 + 17*x + 117. Let p be s(-5). Is (-1 - 9/(-6))/(p/9058) prime?
True
Suppose -y - 8480 = -3*b, 0 = 2*b - 0*y - 5*y - 5649. Is b a composite number?
